se 15*z - 303 = -o + 14*z, n = -3*o - z + 905. What is the hundreds digit of o?
3
Suppose 4*o - 4 = 2*x - 7*x, x = -2*o - 4. Suppose 0 = -5*t + x*q + q + 1080, 3*t = 4*q + 650. What is the tens digit of t?
1
Suppose 2*m = -4*x + 108102, -33*x + 3*m = -29*x - 108067. What is the tens digit of x?
2
Let x = 160979 + -98076. What is the tens digit of x?
0
Suppose -3*f = -3*m - 627, 2*m - m - 1069 = -5*f. Let i = f - -151. Suppose 5*x - 9*x = -i. What is the tens digit of x?
9
What is the units digit of 28/(-182) - (-6290160)/208?
1
Suppose 4*v = -24, 2*v + 6076 + 2858 = z. What is the units digit of z?
2
Let g = 5098 + -2065. Suppose -3*p = 10*t - 12*t - g, 5*t = p - 1024. What is the hundreds digit of p?
0
Suppose -2*h - 3*y = 127, -3*y = 3*h - 0*h + 183. Let x = h - -98. Suppose x + 282 = 3*t. What is the tens digit of t?
0
Let f(g) = 36*g**3 - g**2 + 5*g - 6. Let d be -1 - (-29)/9 - 12/54. Let p be f(d). Suppose -r - 5*h = -5*r + 328, p = 4*r + 5*h. What is the units digit of r?
7
Suppose 80 = 7*z + 3. What is the thousands digit of (-10 + z)/(-1 + 1006/1005)?
1
Suppose -21*f = 24 + 18. Let z(s) = -177*s + 32. What is the tens digit of z(f)?
8
What is the hundreds digit of 14/10 - 24912344/(-1615)?
4
Suppose 3*m - 1194 = -2*k, -4*m - m + k + 1990 = 0. What is the units digit of m + -1 - 4/((-24)/6)?
8
Let y(j) = -50*j**3 + j**2 - 6*j - 7. Let t be y(-3). Let q = t - 494. What is the hundreds digit of q?
8
Let a(l) = 5*l**3 - 28*l**2 + 36*l + 23. Let b(k) = -4*k**3 + 28*k**2 - 37*k - 22. Let t(h) = 5*a(h) + 6*b(h). What is the units digit of t(-29)?
0
Let v be ((-3)/6)/(10/940). Let y = 38 + v. What is the units digit of 169 - y/3 - 2?
0
Let p(y) = 36*y + 117. Let s(g) = -37*g - 116. Let k(f) = 5*p(f) + 4*s(f). What is the tens digit of k(18)?
9
Let l be (-1)/(-12)*3*4/(-1). What is the tens digit of ((-1337)/(-14))/1*(l + 3)?
9
Let n = 25620 + -4682. What is the ten thousands digit of n?
2
Suppose 13663 = k + 26*b - 27*b, -b - 54667 = -4*k. Suppose s + k = 13*s. What is the units digit of s?
9
Suppose 3*s = 511 + 113. Suppose 2*o - 3*o = -s. What is the hundreds digit of o?
2
Let t = 27 + -26. Suppose 0 = -l + t - 4. What is the tens digit of ((-3)/6)/(l/1464)?
4
Let w(l) = l**2 - 12*l - 41. Let b be w(15). What is the hundreds digit of (-1035)/(-6) + 1 + (-2)/b?
1
Let b(a) = -a**3 - 2*a**2 - a. Let v be b(-2). Let q(t) = 15*t**v + t**3 + 18*t - 127 + 0*t**3 + 128. What is the hundreds digit of q(-13)?
1
Let a(l) = -l + 9. Let c be a(5). Let v(m) be the first derivative of 3*m**2/2 - 4*m - 216. What is the units digit of v(c)?
8
Let b(z) be the third derivative of z**5/20 - z**4/6 - 5*z**3/2 + 93*z**2. What is the units digit of b(6)?
9
Let c(z) = 2*z + 1. Suppose 2*j + 11 = 3. Let y be c(j). What is the hundreds digit of (-4 - y/2) + (-255)/(-2)?
1
Let k(u) = -u - 7 + 1 + 2*u + 0*u. Let r be k(4). Let q(j) = -45*j + 1. What is the tens digit of q(r)?
9
Let s be (-2804)/(-16) - 1/4. Let r = 391 - s. Suppose -4*d = -0*d - r. What is the units digit of d?
4
Let x(i) be the first derivative of 2*i - 1. Let p(f) = -f + 1. Let l(a) = 4*p(a) - 5*x(a). What is the units digit of l(-3)?
6
Let u = 368 - 364. Suppose u*g - 8 = 0, 1738 = 2*x + 7*g - 5*g. What is the units digit of x?
7
Suppose -70*s + 3*j + 107222 = -65*s, s + 3*j = 21448. What is the ten thousands digit of s?
2
Let b = 8413 - 5665. What is the units digit of (2/1)/(6/b + 0)?
6
Suppose b + 3*b + 13 = -5*o, -5*b = -2*o - 25. Let q be o*3/((-3)/2). What is the tens digit of 24/(-30) - (-508)/q?
5
Let f be 18/(-4) - -3*(-4)/(-8). What is the units digit of (f/(-2))/(36/21288)?
7
Let l(f) = -6163*f - 2170. What is the ten thousands digit of l(-10)?
5
Let v(x) = -x**2 - 6*x - 1. Let q be v(-4). Suppose 600 = -5*u + q*u. Suppose 15 + u = 3*m. What is the tens digit of m?
0
Suppose -2*i = 4*p + 12, 2*i = 5*i + 4*p + 8. Suppose -i*b - 5*o + 1101 = 0, 4*o = 4*b - 738 - 318. What is the hundreds digit of b?
2
Suppose -171*q - 2*h = -174*q + 3209, q = h + 1071. What is the hundreds digit of q?
0
What is the units digit of (100/2)/(-1 - -1 - (-6)/1431)?
5
Let d(u) = 17*u - 36. Let b(s) = -7*s - 9. Let g be b(-5). Let w be (-6*(1 - 2))/(g/39). What is the units digit of d(w)?
7
Suppose -5*b + 59 = -21. Suppose -11*r = -b*r + 2360. Let n = -264 + r. What is the units digit of n?
8
Let c(p) be the third derivative of -29*p**4/12 + 113*p**3/6 + 2*p**2 + 30. What is the units digit of c(-16)?
1
Suppose -4*d - 480 = 1328. Let z(p) = 150*p + 6144. Let i be z(-41). What is the units digit of (d/i)/((-2)/(-6))?
6
Suppose -z = -t - 5, -3*t + 12 - 2 = 2*z. Let d be (-2)/(-4)*t/(-1). Suppose -2*h + 56 + 56 = d. What is the units digit of h?
6
Let v(q) be the second derivative of -q**3/3 + 8*q**2 + 7*q. Let s be v(7). What is the units digit of (0/(-5))/s + 15?
5
Let r = -723 + 2450. What is the thousands digit of r?
1
Let v be (5 + (588/(-18))/7)*39. Suppose -4432 = 9*l - v*l. What is the hundreds digit of l?
1
Suppose 4*p = -3*j + 12, 7*j = -p + 3*j + 16. Suppose -4*y - 3*o - 31 = p, -o - 13 = y - 4. What is the tens digit of 14430/296 - (-1)/y*-1?
4
Let b(i) = 263*i**2 - 22*i + 17. Let z(w) = 263*w**2 - 23*w + 16. Let p(l) = 3*b(l) - 2*z(l). What is the hundreds digit of p(1)?
2
Suppose -s - 12 = -4*j, 2*s + 3*s + 24 = 2*j. Suppose -h - j*h = -228. Let u = 196 - h. What is the units digit of u?
0
Suppose 5*l - 18 = 2. Suppose -l*m + 0*m + 88 = 0. Suppose -3*b = -2*h - 34 - m, -4*b - 5*h = -90. What is the tens digit of b?
2
Suppose -104*r = -101*r - 801. Suppose h + 2*h - 3*x - r = 0, x = -5*h + 457. What is the tens digit of h?
9
Suppose 2*s - 259526 + 62974 = -5*c, 4*c = 4*s + 157236. What is the hundreds digit of c?
3
Let d(l) = -38*l - 5 + 36*l + 0 + 63*l**2. What is the units digit of d(-3)?
8
Let b(c) = -18*c**3 - 5*c - 5. Let h be b(-2). Suppose -3*p - i = -113, p + 3*p + i = h. What is the tens digit of 12/p + (112/6 - -1)?
2
Let c(i) = 9*i - 64. Let u be c(8). Suppose u*n = 1641 + 1783. What is the hundreds digit of n?
4
Let s be 2 + 187 - (7 - 13). Suppose -s*r = -217*r + 29062. What is the tens digit of r?
2
Suppose y = 5*y - 24. Suppose 3085 + 1343 = -y*o. What is the tens digit of ((-4)/(-12))/((-3)/o)?
8
Let y be (-298)/(-3) + 3/(-27)*3. Let t be (-7)/(-2)*(y/63 + -1). What is the units digit of (49 + -1)*(t - 21/28)?
0
Let r = -1167 + -64. What is the units digit of r/(-15) - (-4)/(-60)?
2
Let h be (-3 + 84/(-35))*(-10)/6. Suppose -14*c + h*c = -3555. What is the hundreds digit of c?
7
Suppose -44*y + 88*y - 307472 = 0. What is the tens digit of y?
8
Let v = -46 + 52. What is the units digit of -1 - -3 - 2*(-147)/v?
1
Suppose 0 = 2*x - 2*q - 6, 9 = 2*x - q - 4*q. Suppose -3*d + 2013 = x*w, -5*d - 5*w = 208 - 3558. What is the tens digit of d?
7
What is the thousands digit of 396/264*(-23064)/(-9)?
3
Let f = -185 + 190. Suppose 3*x + 4*y = 799, f*y - 157 = -x + 124. What is the tens digit of x?
6
Let d(c) = c**3 - 3*c**2 - c - 1. Let r be d(4). Let j(i) = 31*i - 99*i + 19 + 71*i. What is the units digit of j(r)?
2
Let z(i) = -i**2 + 12*i - 4. Let h be z(12). Let c be (-28)/(-6) - h*(-3)/18. Suppose -b - 134 = -5*k + 2*b, 5*b = c*k - 102. What is the units digit of k?
8
Let z = -42 + 46. Let l be z*1*(-2)/8 + 3. Suppose -l = -5*i + 8. What is the units digit of i?
2
Suppose z - 128 = -7*z. Suppose u - 1374 = -z*i + 13*i, -2*u = 2*i - 920. What is the tens digit of i?
5
Let d(u) = 48*u**2 - 174*u + 1566. What is the hundreds digit of d(9)?
8
Suppose -32*h + 32640 = -16*h. Suppose 10*r - 18*r + h = 0. What is the units digit of r?
5
Let f = 0 - 0. Suppose 0 = -18*h - 46*h + 16448. Suppose 4*y - 5*p - h = f, 5 + 7 = 4*p. What is the units digit of y?
8
Let u(j) = 3*j**3 + 6*j**2 + 27*j + 122. What is the thousands digit of u(11)?
5
Suppose 0 = -5*n - 4*j + 227289, 0 = -n + 96*j - 100*j + 45445. What is the units digit of n?
1
Suppose 5 = k - 17. Let i be (-12)/(-3) + (0 + k)/(-1). Let h(t) = -t**3 - 18*t**2 - 2*t - 25. What is the units digit of h(i)?
1
Suppose g - s + 53 = 0, 2*g - 5*s = -2*s - 108. What is the units digit of (-4 - -1) + -4*g/12?
4
Suppose 0*p = 3*p + 15. Let y be (p - -4)/((12/(-21))/4). What is the units digit of (y - (-1 + 5)) + 9*11?
2
Suppose -424 = z + 7*z. What is the te